 - 10. Is n(11) composite?
True
Let i(s) be the second derivative of 5*s**3/2 - s**2/2 + 3*s. Is i(9) a prime number?
False
Suppose -219 = -2*q + 385. Let h = -147 + q. Let c = h + -88. Is c composite?
False
Suppose -25*h + 12680 = -5*h. Is h composite?
True
Let q = 6 + -11. Is q + 3 - (-193)/1 prime?
True
Suppose -4*r + 12 = 0, r + 21 = 6*x - 2*x. Let h be 18/x*4/(-6). Is (h - 0) + (0 - -17) composite?
True
Let k(b) = 0 + 15*b + 1 - 20*b. Is k(-4) a prime number?
False
Let j be 15/10*(-8)/6. Is (-4)/(8/(-962)) + j a prime number?
True
Let q be (-4)/(-6)*9/2. Suppose l = 5*s - 7, 5*l - q*s - 3 - 28 = 0. Let h = l - -11. Is h a prime number?
True
Let s(z) be the first derivative of 112*z**3/3 + z - 3. Is s(-1) composite?
False
Is 953 + (-28)/7 - (-8)/2 prime?
True
Suppose 2*g - 294 - 320 = 0. Is g a composite number?
False
Let y(x) = -2 - 5*x**2 + 3*x**2 - x + 2*x + 1. Let r be y(3). Is (-536)/r + (-1)/(-2) a composite number?
True
Suppose -5*z - 25 = 0, 0 = -3*v - z + 6*z + 436. Let y = 280 - v. Is y a prime number?
False
Let g = 595 - 200. Is g a composite number?
True
Is (1 - (-9)/(-2))/(1/(-274)) composite?
True
Let g be -4*(31/(-4) + 2). Let y(v) = -1 + 9*v - 2 - g*v. Is y(-2) prime?
False
Let u be 92/22 + (-2)/11. Suppose 0 = 5*w + 15 + 5, -3*k = u*w - 617. Is k a composite number?
False
Is (-211)/((-1 - -3) + -3) a prime number?
True
Let n(s) = s - 7. Let o be n(7). Suppose -m + 9 = -2*u - 12, o = 2*m + u - 22. Is m prime?
True
Suppose 500 = -0*z + 5*z. Suppose 2*w + 8 = -2*w. Is ((-1)/2)/(w/z) composite?
True
Let s be 3/(1*6)*834. Let r = s - 285. Suppose -2*f - r + 362 = 0. Is f prime?
False
Suppose -4*n + 620 = n. Suppose -3*b = -b - n. Suppose 4*d - 2*d = b. Is d composite?
False
Let l be 40/(-15) + 4/6. Let u be 8 + 4/l - 3. Suppose 9 - 78 = -u*f. Is f a prime number?
True
Let r = -8 + -12. Let d be (-105)/r + (-2)/8. Suppose d = -2*c + 31. Is c a prime number?
True
Suppose 0 = -l - 3*l + 4, i = -5*l + 7. Let v(a) = 12 - a**i + 3*a - 2*a + 2. Is v(0) a prime number?
False
Let s(h) = h**3 + h**2 + h + 2. Let o be s(0). Is 202 - o*(-12)/(-8) composite?
False
Suppose -1964 = -4*q - 0*d - 4*d, 4*d = -3*q + 1471. Is q a composite number?
True
Let r(o) = -o - 6. Let y be r(-7). Is y/(4/20)*23 a prime number?
False
Let b = -16 - -5. Let a = 28 + b. Suppose 2*q - 3*k - 83 = 0, 2*q + 3*k = -a + 130. Is q a prime number?
False
Let s = 165 - 32. Is s a composite number?
True
Let u be -7*(3 + -4)*2. Let a(k) = -k**2 + 18*k + 11. Is a(u) a prime number?
True
Suppose 0 = 2*h + 3*h + 45. Let z(v) = 7*v + 121. Let q(m) = -3*m - 61. Let a(f) = h*q(f) - 4*z(f). Is a(0) composite?
True
Is 16/(-4) + 4 + 851 a composite number?
True
Suppose -2*y + 1524 = 2*y. Is y a composite number?
True
Let m(t) = t**3 - 11*t**2 - 10*t - 10. Is m(12) a prime number?
False
Is ((-419)/2)/(2/(-4)) prime?
True
Suppose 47 = 4*d - 73. Let s = d + -5. Is s prime?
False
Let k(r) = 12*r**2 - 19*r - 12. Is k(-7) a prime number?
True
Let k = 145 - 26. Is k a composite number?
True
Let f(h) = 9*h**2 + 10*h - 36. Is f(-15) prime?
False
Let j = -6 + 4. Is (2 - j)*(-282)/(-8) prime?
False
Let q(y) = 9*y**2 + 9*y - 13. Let u(j) = 4*j**2 + 4*j - 6. Let k(d) = 6*q(d) - 13*u(d). Let x be k(2). Is (3/(-4))/((-3)/x) prime?
True
Let k = 574 + -195. Is k composite?
False
Let d be -2*(3 + 362/(-4)). Let m be 28/5 - 6/10. Suppose 3*b = b, 2*b + d = m*h. Is h a composite number?
True
Let v be 2/9 - (-10)/(-45). Is ((-71)/(-3) + v)*3 composite?
False
Suppose u - 55 - 24 = 0. Is u composite?
False
Is (-1)/4 + (-466)/(-8) a prime number?
False
Suppose -4*r + 271 - 1107 = -4*c, 5*r + 418 = 2*c. Is c prime?
False
Suppose 4*q - 45 = -5*z - q, 2*z = q + 24. Let l = -10 - 2. Let u = z - l. Is u a composite number?
False
Let x = 10627 - 5766. Is x composite?
False
Let a = -64 + 103. Let i = a - 18. Is i a prime number?
False
Suppose 8*x - 5102 = 282. Is x composite?
False
Suppose 3*l + z = 4*l - 5, 0 = 2*l + z + 5. Is l + -2 - (2 + -15) a prime number?
True
Suppose j - 5*j + 24 = 0. Let s(v) = 0*v**2 + j*v**2 + 4 - 5. Is s(2) a prime number?
True
Suppose 0 + 10 = -2*x. Let m = 8 + x. Suppose 58 - 16 = m*f. Is f composite?
True
Suppose 33 = 5*g + 218. Let t = -2 - g. Is t prime?
False
Let d = 6 - 1. Suppose -90 = d*r - 1045. Is r a composite number?
False
Let b(v) = -v**3 - 9*v**2 - 7*v - 8. Let w be b(-9). Let x = w + 40. Is x prime?
False
Is 2 + (308 - (4 - 1)) composite?
False
Let y(t) be the first derivative of -t**4/4 + t**3/3 - t**2/2 + 15*t - 1. Let j(v) = v**3 - v**2 - v + 1. Let u be j(1). Is y(u) a prime number?
False
Let o(n) = 6*n + 287. Is o(0) prime?
False
Let z(f) = -f + 4. Let l be z(4). Suppose l = -2*u + 1 + 3. Suppose -u*a - 82 = -216. Is a a prime number?
True
Let w(j) = 4*j**2 - 5*j - 4. Let h = -11 + 8. Is w(h) composite?
False
Let r be 1*(366 - 9/(-3)). Suppose 2*n - p = -111 + 362, 3*n - 4*p = r. Is n a composite number?
False
Let a(n) = 2*n**2 + 3*n - 3. Is a(8) a composite number?
False
Suppose u - 5 = 0, -3*z = 4*u - 27 - 8. Is (-4)/z - (-3276)/20 a prime number?
True
Suppose -14 = -y - 0*y. Let f be (-13)/3 + 3/9. Is f/y - 60/(-14) a prime number?
False
Let q = 9 + 1. Suppose -4*s + 14 = -2*t, -5*t + q = 3*s + 2*s. Let d = s - 1. Is d a composite number?
False
Suppose -3*r = -3*v + 24 - 0, -25 = 5*r. Let h(s) = 16*s**2 - 5*s + 2. Is h(v) composite?
False
Suppose 5*m - 12 = -3*q - 0, 2*m + 3*q = 3. Let l be (1 + 0)*(-1 + 3). Suppose -m*y = -5*p + y + 275, y + 110 = l*p. Is p composite?
True
Suppose 2*j - 4*k - 7938 = 0, 3*j - 2*j - k - 3974 = 0. Is j prime?
False
Suppose 5*x = t - 4 - 7, 5*t + 5*x - 25 = 0. Is (-34)/4*(-4 - t) a composite number?
True
Suppose 4*g = 5 - 17. Is 2*g/(-6) + 90 a composite number?
True
Suppose 16 = -4*v - 4*p, 3*v - 16 = 3*p + p. Suppose v = 2*m + 16 - 1298. Is m a prime number?
True
Let j = 44 - -87. Is j prime?
True
Let c(x) be the second derivative of 13*x**4/6 - x**3/6 - x**2/2 + 2*x. Let j be c(-1). Let f = j - 12. Is f composite?
True
Suppose 0 = 2*k - 7 - 3. Suppose -3 = -k*z + 2. Suppose -p + z + 82 = 0. Is p a composite number?
False
Suppose -5*r = -i + 110 - 373, i - 214 = -4*r. Is r a prime number?
True
Let h = -1 - -7. Suppose 5*i = h*i - 19. Is i a composite number?
False
Is 55 - (4 + -3 + 1) a composite number?
False
Let o = 77 + 214. Is o prime?
False
Let j = 13 - 79. Let z = j - -161. Is z prime?
False
Let w be (2 - 708/(-10))*5. Suppose 4*t + 94 = z + 3, w = 4*z - 5*t. Is z prime?
False
Suppose -12 = 2*g - 6*g. Suppose -g*n = 7 + 2. Is (0 + n)*(-10)/3 a composite number?
True
Suppose -4*k + 55305 = 5*k. Is k prime?
False
Suppose -7 - 18 = -5*s. Suppose -d = -s*d + 316. Is d a composite number?
False
Let p(m) = -m**2 + 12*m. Suppose 0 = 3*y + 2*a - 11, y + 3 = -a - a. Is p(y) prime?
False
Let k = 740 + -153. Is k a composite number?
False
Let c(s) = 345*s**3 + s**2 + 4*s - 5. Is c(2) composite?
False
Let s = 1 + 3. Suppose -4*v + 2*j + 5 = -41, -2*v + 8 = -s*j. Is v composite?
True
Let g = -9 + 12. Is (-30)/(-45) - (-76)/g a composite number?
True
Let m be 3*(-3 + -1)/2. Let t = m + 11. Suppose t*y - y - 364 = 0. Is y a prime number?
False
Suppose 2*n - n = 0. Let r(y) = -y + 171. Let u be r(n). Let k = u + -88. Is k prime?
True
Let j(q) = 2*q**2 + 2 - 9 + 0*q + 2*q. Suppose 4*n = 5 - 29. Is j(n) a prime number?
True
Let i = -3573 - -6512. Is i a composite number?
False
Let o be (-6)/(-8) + (-13)/(-4). Suppose o*s = 2*s. Suppose 0*k + k - 26 = s. Is k a composite number?
True
Suppose -s = s + 20. Let f(d) be the first derivative of -d**3/3 - 11*d**2/2 + d - 1. Is f(s) composite?
False
Suppose -q + 4*q = -42. Let w = 1 - q. Is w prime?
False
Let z(d) = d**2 + 4*d + 2. Let f be z(-4). Suppose -6 - 2 = -f*s. Suppose s - 37 = -3*t. Is t prime?
True
Suppose 4*k - 5 - 15 = 0. Let o(n) = -n**3 + 10*n**2 + 6*n - 6. Is o(k) composite?
False
Is (0 + 2 - 55)/(-1) a prime number?
True
Suppose 0 = -4*t + 557 + 407. Suppose 2*g - 173 = -3*z, 4*g - t - 55 = 4*z. Is g a composite number?
False
Let v(s) = 7*s - s + 4 - 3*s**2 + 4*s**2 + 1. Is v(-12) prime?
False
Let y(p) = -2*p. Let g be 2/3*(-12)/4. Let r(i) = 4*i + 3. Let c be r(g). Is y(c) prime?
False
Let v(a) = -17*a - 5. Let b be (-1 - 10*-1) + -1. Let t be v(b). Let d = -70 - t. Is d pri